 = 46 - 53. Let h be -13 + z/(28/(-16)). Let k = h + 26. What are the prime factors of k?
17
Let f(h) = 619*h - 1266. List the prime factors of f(44).
2, 5, 7, 53
Let f(z) = 1567*z - 1942. What are the prime factors of f(16)?
2, 3, 5, 257
Suppose d - 3*i - 5690 = 0, -102*i + 17100 = 3*d - 105*i. List the prime factors of d.
5, 7, 163
Let i be 3170/(-5)*(-1)/2. Let t(o) = o**2 - 19*o + 82. Let b be t(11). What are the prime factors of b/(-33) + i/11?
29
Let u be 10/(-6)*(-24)/(-20)*-1. Suppose 372 = 3*a - h, 6*h - 3*h + 241 = 2*a. Suppose -135 = -u*x + a. What are the prime factors of x?
2, 5, 13
Let j(u) = 2*u**2 + 70*u - 42. Let m be j(-33). Let k = m + 740. List the prime factors of k.
2, 283
Suppose -11929 + 76717 = -96*d + 100*d. What are the prime factors of d?
3, 5399
Suppose 29*k - 16431 = 12830. Suppose 0 = -8*g + 1391 + k. List the prime factors of g.
2, 3, 5
Suppose -154*m = -157*m + 3366. Suppose 4*x - 852 = -f, -4*f + m = -2*x - 2322. What are the prime factors of f?
2, 5, 43
Let f = 4 - -8. Suppose -4*z = -f*z + 2504. Suppose 0 = -3*o + 2*r + z, 0*r = 2*o + r - 211. List the prime factors of o.
3, 5, 7
Let q(g) = 3*g - 17. Let p be q(-9). Let i = -38 - p. List the prime factors of (-2 - -7)/((i/3)/14).
5, 7
Let u(m) = m**3 + 4*m**2 - 3*m - 5. Let s be u(-2). Suppose k = 4*k - s. Suppose 5*r + 2*q - 221 = -2*q, -3 = k*q. List the prime factors of r.
3, 5
Let p(g) = -g**3 + 7*g**2 + 12*g - 15. Let r be p(8). Suppose -9*b = -r - 73. Suppose b*d - 343 - 417 = 0. What are the prime factors of d?
2, 19
Suppose 641737 = 28*n + 25*n - 561204. What are the prime factors of n?
22697
Suppose 2*p + 5*o = 362, 2*p - o = -0*o + 350. Let c be (p/(-12))/(8/288). Let l = c + 749. What are the prime factors of l?
13, 17
Let i(r) = -327*r + 26. Let q(x) = x - 3. Let b(k) = -i(k) - 5*q(k). What are the prime factors of b(1)?
311
Suppose 2*c - 5*s = -c + 20, -5*c = -3*s - 12. Let f be 0/2 + 4 - c. Suppose -426 = -10*y + f*y. List the prime factors of y.
71
Suppose 0*b - 12 = -3*b. Suppose -b*h - 948 = 4*v, -5*h + 2*v = 3*v + 1205. What are the prime factors of ((-2)/4 + 0)*h?
11
List the prime factors of -1 + 19 - (-66 - 31564).
2, 23, 43
Let y(r) = -r**3 + 12*r**2 - 5*r - 28. Let i be y(11). Let m(u) = -14 - 6 + i*u - 8. What are the prime factors of m(6)?
2, 5
Suppose 0 = -2*v - 4*u + 111603 - 37259, 5*u = -v + 37157. What are the prime factors of v?
2, 3, 6197
Suppose -3*h - 5 = -20. Suppose -146 + 154 = 2*k. Suppose -k*v - h*a + 524 = 0, -5*v + 4*v + 3*a = -114. List the prime factors of v.
2, 3, 7
Suppose 87*l - 50 = 97*l. List the prime factors of ((-6)/(-105)*l)/(1/(-1099)).
2, 157
Let j = 81 + -70. Suppose -j*v = -5*v - 2034. List the prime factors of v.
3, 113
Let s = 51 + 5. Suppose 4*w = 8*w + s. List the prime factors of -8*w/(-4)*-1.
2, 7
Let w = 175 + -79. Let x = w + 123. List the prime factors of x.
3, 73
Let a(o) = 6*o - 4. Let h be a(-4). Let y = -5 - h. Suppose 0 = 19*b - y*b + 632. What are the prime factors of b?
2, 79
Suppose -2*c - 3 = t - 5, 0 = 2*c + 4*t - 2. Suppose c = 2*z - 333. List the prime factors of z.
167
Let h = 16647 - 11343. Suppose 19*p - 25*p = -h. What are the prime factors of p?
2, 13, 17
Suppose -20 = -n - 0*n + 4*t, 10 = -2*n - 2*t. Let r be 4/4 - (n/(-1) + 1). Suppose -35*b + 34*b + 51 = r. List the prime factors of b.
3, 17
Let v be ((-3)/(-3) - -2) + 1. Suppose -v*c + 13*g - 9*g + 1252 = 0, c = 5*g + 309. What are the prime factors of c?
2, 157
Let m = 1017 + -420. Let q = m + -216. List the prime factors of q.
3, 127
Let z = 4563 + -4023. What are the prime factors of z?
2, 3, 5
Suppose n = -4*d + 11658, -59*n + 54*n - 5*d = -58200. What are the prime factors of n?
2, 3, 7, 277
Let g(u) = u**3 - 9*u**2 + 11*u + 10. Let d be g(8). Suppose d*f - 30*f = -160. Let p = 150 + f. List the prime factors of p.
2, 5, 11
Let q(s) = 3*s**2 + 9*s - 54. Let r be q(5). Let p = 87 + r. List the prime factors of p.
3, 17
Let a(r) = 25*r + 27. Let s(t) = -51*t - 53. Let j = 55 - 66. Let n(c) = j*a(c) - 6*s(c). What are the prime factors of n(5)?
2, 11
What are the prime factors of -34*((-59220)/24 + 7)?
7, 17, 19, 37
Let d(o) = -o**2 - 5*o + 12. Let j be d(-6). Suppose j*i + 29*i - 455 = 0. What are the prime factors of i?
13
Let k = 24766 - 15463. What are the prime factors of k?
3, 7, 443
Suppose 0*t + 20 = -5*t, o - 5*t = 18. Let d = 289 + -283. What are the prime factors of (-24)/d - (-206 + o)?
2, 3, 17
Let u = 11411 + -9290. List the prime factors of u.
3, 7, 101
Suppose -19*s + 105714 = -s. List the prime factors of s.
7, 839
Suppose -2*u = -z - 3, u + 9 = -2*z + 6*z. What are the prime factors of (19 - -732) + 0 + u/3?
2, 47
Suppose 0 = 17*z - 18*z + y + 8224, -5*z - 3*y = -41104. What are the prime factors of z?
2, 4111
Suppose -4*v - 3*w = -41, 4*v + 3*w = 8*w + 17. Suppose 9*n - 20740 = -v*n. What are the prime factors of n?
2, 5, 61
Suppose 5*h = h - 4*y + 2188, 3*y - 3813 = -7*h. List the prime factors of h.
3, 181
Suppose 349*u - 387*u = -407740. List the prime factors of u.
2, 5, 29, 37
Let c(r) = 2*r - 32. Let f be c(14). Let u be 4 - (-22)/f - 466/(-4). Suppose 2*o - u - 43 = 0. What are the prime factors of o?
79
Suppose 7124 = -4*a - 4*t, a = 5*a - 5*t + 7124. Let v be a/(-195) - (-2)/(-15). What are the prime factors of (18 - (4 + -6))*v?
2, 3, 5
Suppose 40802 + 34202 = 17*r. What are the prime factors of r?
2, 1103
Let o(q) = q**3 - 8*q**2 + 7*q + 4. Let f be o(7). Let l be 5 - ((11 - f) + -4). Suppose -928 = -6*d - l*d. What are the prime factors of d?
2, 29
Suppose 9*k + 90 = 117. Suppose 4*h = k*h, l + 2*h = 196. List the prime factors of l.
2, 7
Suppose -112 = t - 3*l, -t + 2*l = -3*t - 208. Let c = t + 111. Suppose r = 5*o + 3*r - 1269, -c*r = -o + 270. What are the prime factors of o?
3, 5, 17
Let p be 4*1/(-1)*-1. Suppose 2*q - 3*j - 547 = 0, p*q + 5*j - 928 = 155. List the prime factors of q.
2, 17
Let h = 387 + 119. List the prime factors of 7385/23 + (-44)/h.
3, 107
Let n be -1*63 + 0/72. What are the prime factors of (n/12)/(1/(-196))?
3, 7
Let b(u) = -261*u**3 - u**2 + 3*u - 2. Let j be b(1). Suppose 0 = -2*r - 5*l - 855, l - 184 = 2*r + 677. Let x = j - r. What are the prime factors of x?
13
Let h(t) = 10*t + 1565. List the prime factors of h(34).
3, 5, 127
Suppose 2*a + 5*l = 6, -45*l + 46*l = -4*a - 6. What are the prime factors of -48 - -61 - (-8)/a?
3
Let h = 17684 + -9965. What are the prime factors of h?
3, 31, 83
Suppose 0 = -9*p + 22 - 4. Suppose -p*u + 4*k = -35 - 217, 2*k + 394 = 3*u. List the prime factors of u.
2, 67
Suppose -16 = -17*s + 52. Suppose 59 = -4*g + 5*g - s*o, o + 5 = 0. List the prime factors of g.
3, 13
Suppose 52*q = 45*q - 2093. Let f = q - -545. What are the prime factors of f?
2, 3, 41
Let u(d) = 12448*d + 1164. What are the prime factors of u(3)?
2, 3, 3209
Let r(l) be the second derivative of -l**4/12 + l**3/6 + 185*l**2/2 - 12*l. Let p be r(0). Let u = p + -131. What are the prime factors of u?
2, 3
Suppose 6 = j - 2. Suppose 0 = 12*w - j*w - 1500. List the prime factors of w.
3, 5
Let a = -17034 - -39147. List the prime factors of a.
3, 7, 13
Suppose -3*j = -5*x + 100703, -3*j = -3*x + 32411 + 28006. What are the prime factors of x?
20143
Suppose -w - 29 + 2 = 0. Let g = -32 - w. What are the prime factors of (-2 - (548 + -5))*2/g?
2, 109
Suppose -2*a + 2*o = -140, -3*a - 3*o + 84 = -120. Let r = a + -67. Let x(j) = 10*j**2 - 5*j + 1. List the prime factors of x(r).
31
Let m(t) be the third derivative of 0 + 0*t - 7/12*t**4 - 3*t**3 + 31*t**2. What are the prime factors of m(-8)?
2, 47
Suppose 2*x + 2*a = -1262 + 7074, 0 = -0*a + 3*a. What are the prime factors of x?
2, 1453
Suppose 4*i - 3*w - 40060 = 0, 20*w - 19*w = 4. What are the prime factors of i?
2, 5009
Suppose -21*k + 132 = 447. Let x(o) = o**3 + 14*o**2 - 20*o + 14. List the prime factors of x(k).
89
Suppose -14*b = -125 - 113. Let j be -3*4/6 + 4318/b. Suppose -6*n + 2*n - z = -j, -z = 0. What are the prime factors of n?
3, 7
Let u = -6248 + 10278. Suppose -4*a - 1222 + u = 0. List the prime factors of a.
2, 3, 13
Let b = 11242 - 5368. List the prime factors of b.
2, 3, 11, 89
Let l(b) = 636*b - 1780. List the prime factors of l(8).
2, 827
Let a(n) = 2*n**2 + 46*n - 1267. What are the pri